 = 1, -3*g + t = 3*y + g. What is the remainder when 30 is divided by y?
6
Suppose 6*m - 139 = 23. Calculate the remainder when 242 is divided by m.
26
Let v be -1 + 156/8*2. Let u be (6/4)/(3/v). Suppose l + 0 = u. What is the remainder when 35 is divided by l?
16
Let x = 138 - 80. Let w = -32 + x. Suppose -2*b - 5*h = -w, 3*h = 4*h - 4. What is the remainder when 4 is divided by b?
1
Suppose 2*x + 5*d = 90, -5*d - 8 = -18. Let y(r) = r**3 + 3*r**2 - 3*r + 4. Let b be y(-4). Suppose a = -b*a + 11. What is the remainder when x is divided by a?
7
Suppose 2*k - 56 = -s - k, -5*s - 3*k + 316 = 0. Suppose -s + 5 = -3*g. What is the remainder when g is divided by -37 - -14 - -11 - -19?
6
Suppose -7*z + 10 = -2*z. Let k be z/8 + (-88)/(-32). Suppose -q = 2*q + 3*c - 156, k*q - 161 = 2*c. Calculate the remainder when q is divided by 18.
17
What is the remainder when 84/42*(-262)/(-4) is divided by 22?
21
Let h(f) = 65*f**2 + 70*f - 69. What is the remainder when h(1) is divided by 15?
6
Let i = 15 - 10. Let j be (0 + 3)*i/3. Suppose -j*h = -67 - 43. Calculate the remainder when h is divided by 13.
9
Let g = 38 - 34. Suppose g*v - 28 = -12. What is the remainder when 8 is divided by v?
0
Let p = 1075 + -945. What is the remainder when p is divided by 11?
9
Suppose 2*q = 2*u + 32, 3*q - 4*q + 5*u - 4 = 0. What is the remainder when q is divided by 7?
0
Suppose 550 = 5*k - 5*x, -2*k = -5*k - 3*x + 318. What is the remainder when k is divided by 108?
0
What is the remainder when 223 is divided by (-75)/60 + 474/8?
49
Let v(d) = 2*d**2 - d - 15. Let a be (-6)/(-10) + (-6)/10. Let w be v(a). Calculate the remainder when (-519)/w - (-15)/(-25) is divided by 12.
10
Let o(b) = 5*b**2 - 6*b - 19. Let z be o(-6). Suppose -z + 57 = -5*m. Calculate the remainder when 55 is divided by m.
27
Let k = -1 - -2. Suppose k + 6 = j. What is the remainder when 10 is divided by j?
3
Let d = -339 + 383. Suppose -3*b - n = -3, -4*n + 2 = -3*b + 20. Suppose b*j - 92 = -2*j. What is the remainder when d is divided by j?
21
Calculate the remainder when 693 is divided by 48/(-9)*(225/(-12) + -3).
113
Let v(s) = 0 + 9*s - s**2 + 3*s + 1. Let g be v(11). Let m(j) = -j**3 + 12*j**2 + 3*j - 15. What is the remainder when m(g) is divided by 6?
3
Let i = -1448 + 1473. Calculate the remainder when 136 is divided by i.
11
Let u(s) = -s**2 + 14*s - 23. What is the remainder when 3*-2*(-91)/21 is divided by u(11)?
6
Let t = 6031 - 6025. Let o(k) = -5*k. Calculate the remainder when o(-3) is divided by t.
3
Let b be 2/4*(14 - 10). Suppose -b*g - 4*p + 42 = 0, -2*g - 3*p - 11 = -3*g. Let c = g + -8. Calculate the remainder when 17 is divided by c.
8
Suppose 2*w = -2*i + 38, 23 = w + 2*i - 0*i. Calculate the remainder when (0 - 7 - (-110)/10)*206/8 is divided by w.
13
Suppose -9*l + 22 = -8*l. What is the remainder when 130 is divided by l?
20
Suppose c + 3*r - 2*r - 4 = 0, 5*r = -2*c + 14. Suppose -30 = -b - 5*i, -b + 2*i = -0 - c. Calculate the remainder when b is divided by 4.
2
Suppose -3*d - 3 = 3. Let t be (-435)/(15/(-5))*(-14)/35. Calculate the remainder when 1/(t/(-28) + d) is divided by 9.
5
Let t = 4545 + -4523. Let z = -1 + 1. Let v = z - -64. What is the remainder when v is divided by t?
20
Suppose 0*v + 4*s = 4*v + 28, 0 = -2*v + 5*s - 29. Calculate the remainder when 41 is divided by ((-51)/v)/3*(1 - -1).
7
Let b(r) = -2*r**2 - 81*r - 227. What is the remainder when b(-32) is divided by 64?
61
Suppose 0 = 2*b - k - k - 224, -5*b - 4*k = -533. What is the remainder when b is divided by 22?
21
Suppose -p + 9*f = 4*f, 0 = -2*p + f + 27. Suppose -u - 4*u + 190 = 0. Calculate the remainder when u is divided by p.
8
Calculate the remainder when ((-84)/(-8))/(-7)*(-124)/3 is divided by 5.
2
Suppose 139 - 20 = 7*t. Suppose -3*w + 5*b = -26 - t, 4*w + b - 42 = 0. What is the remainder when 32 is divided by w?
10
Let v be 10*5/((-5)/(-4)). Let o = -32 + 45. Calculate the remainder when o is divided by (-30)/v - (-27)/4.
1
Let s = -684 - -692. Let j = 13 + 2. What is the remainder when j is divided by s?
7
Let r be -1 - 1/(4/(-76)). What is the remainder when (-12)/r + 136/6 is divided by 8?
6
Let o(h) = 4*h + 1. Let l be o(1). Let a = 75 - 73. What is the remainder when 7 is divided by a/l - 16/(-10)?
1
Suppose -f + 2*g + 3 = 0, 4*g = 5*f - 10 - 11. What is the remainder when 24/(-3 + 11) - -16 is divided by f?
4
Let m(w) be the second derivative of 5*w**4/3 + w**3/6 + w**2/2 + 3*w. What is the remainder when m(-3) is divided by 45?
43
Let u be 3 + -1 + (3 - -1). Let b = u + 2. What is the remainder when b is divided by 2?
0
Let v(c) = 32*c**2 - 2*c + 1. Let z = -284 - -293. Calculate the remainder when v(1) is divided by z.
4
Let o = -176 + 261. What is the remainder when o is divided by 262/6 - 4/6?
42
Suppose 0 = 3*v - 0*v + 2*c - 23, 5*c = v + 15. Calculate the remainder when 33 is divided by v.
3
Let y(a) = -a**3 - 4*a**2 + 9*a - 8. Let m be y(-6). What is the remainder when 69 is divided by ((-2)/m*-2)/((-41)/(-1435))?
13
Let i = -19 + 32. Let l = i - 6. Suppose 4*o + 2*h - 110 = 0, -h + 6*h + 25 = 2*o. Calculate the remainder when o is divided by l.
4
Suppose 188 = 11*o - 285. Calculate the remainder when o is divided by 11.
10
Suppose 6*w - 5*w = 6. What is the remainder when -1*(3 + -183)/4 is divided by (8/(-10))/(w/(-90))?
9
Let b(c) = c**2 - 18*c + 14. Calculate the remainder when 92 is divided by b(18).
8
Suppose -583 - 1763 = -69*p. What is the remainder when p is divided by 13*(-2)/(-4)*2?
8
Calculate the remainder when 223 is divided by ((-10)/(70/(-21)))/((-3)/(-15)).
13
Let b(n) = -n**3 + 22*n - 4. What is the remainder when 65 is divided by b(4)?
5
Calculate the remainder when 544 is divided by 8 + 3 + -1 + 4.
12
Let y = -4 + 74. What is the remainder when y is divided by 40?
30
Let x(r) = 80*r - 84. What is the remainder when x(7) is divided by 15?
11
Suppose a + d - 93 = 0, 2*d + 3 - 7 = 0. Calculate the remainder when a is divided by 6.
1
Let x = 32 - -146. Calculate the remainder when x is divided by 20.
18
Let l = 449 + -440. What is the remainder when l is divided by 8?
1
Let a(l) = l**2 + 8*l - 12. Let r be a(-7). Let j = -14 - r. What is the remainder when 9 is divided by j?
4
Suppose -23*v - 234 = 68*v - 1144. Calculate the remainder when (-208)/(-7) - (-2)/7 is divided by v.
0
What is the remainder when -604*(-1)/6 - (-2)/6 is divided by 5?
1
Let t = 390 + -373. Let m = -141 - -207. What is the remainder when m is divided by t?
15
Let f = -4 - 3. Let o be 90/(-15)*f/6. Let g(a) = a**3 - 6*a**2 - 7*a + 5. What is the remainder when 10 is divided by g(o)?
0
Let i(h) = -h**3 + 4*h**2 + 4*h - 2. Suppose 23*d = 22*d + 6. Suppose 2*a - d = 2. What is the remainder when 25 is divided by i(a)?
11
Let o = 37 + -8. Let a(j) = 76*j**2 + 11*j - 3. What is the remainder when a(1) is divided by o?
26
Suppose -4*y = s - 25, -s - 27 = -4*y - 4*s. Calculate the remainder when (-92)/(-2)*(-1)/(-2) is divided by y.
5
Let n(d) = -9*d + 86. What is the remainder when 1005/12 - (-2)/8 is divided by n(7)?
15
Let j be (5/10)/((-1)/30). Let d = j + 16. What is the remainder when 78 is divided by d/(-6) - 242/(-12)?
18
Let j = 2872 + -2820. Suppose 6*o - 76 = 2*o. Calculate the remainder when j is divided by o.
14
Let r = -37 - -38. Suppose 8 = y + r. Calculate the remainder when 19 is divided by y.
5
Let q(z) = -14*z - 151. Calculate the remainder when 93 is divided by q(-12).
8
Let c = 66 + -50. Suppose -5*s + 13*s - 136 = 0. What is the remainder when s is divided by c?
1
Let i(v) = v + 6. Let z be i(-5). Suppose -2*b = -5 + z. What is the remainder when 61 is divided by 2 + (b - 36/(-3))?
13
Suppose -341 = -2*q - 5*b, -4*q + 138 = -3*q - 4*b. Let s(l) = 3*l**3 - 2*l**2 + l + 2. Calculate the remainder when q is divided by s(2).
18
Suppose 1480 + 797 = 11*z. What is the remainder when z is divided by 72?
63
Suppose 0 = -5*f - 4*v + 366, -2*f + 2*v + 224 = f. What is the remainder when 291 is divided by f?
69
Suppose 0 = -11*n + 970 - 189. What is the remainder when 301 is divided by n?
17
Suppose 0 = c - 0*c - 25. Let x = 93 + -92. Suppose -m + 30 = 5*y + 4*m, 0 = -m - x. Calculate the remainder when c is divided by y.
4
Let q be -8 + 14 + (0 - 4). Let z be 52/24 + q/(-12). S